 - b. List the prime factors of c.
2, 5
Let a(p) = 9*p**3 + 10*p**2 - 24*p + 4. What are the prime factors of a(6)?
2, 541
List the prime factors of ((-12339)/54)/((-2)/4).
457
Suppose -3*w = 4*r - 3*r - 4747, w + r - 1581 = 0. What are the prime factors of w?
1583
Suppose -n + 55 = 3*g, -2*n + 102 = 4*g + 30. Let q(x) = 5*x**2 - 2*x - 2. Let c be q(-2). Let p = c - g. What are the prime factors of p?
3
Suppose 13*k - 16*k - 153 = 0. Let w = 1 - k. List the prime factors of w.
2, 13
Suppose 30 = -0*j + 5*j. Suppose -d = -3*d + j. Suppose -6 = d*k - 12. What are the prime factors of k?
2
Let y(h) = -h**3 + 4*h**2 + 43*h + 9. What are the prime factors of y(8)?
97
Let g(n) be the third derivative of n**5/60 - 5*n**4/24 + n**3/6 + 6*n**2. Let u(m) be the first derivative of g(m). What are the prime factors of u(13)?
3, 7
Let j = 683 + 438. What are the prime factors of j?
19, 59
Suppose 28 = 4*l + 16. What are the prime factors of l/((-7)/(4312/(-12)))?
2, 7, 11
Let h be 6*-2*(-3)/18. Suppose -1 = h*i - 51. List the prime factors of i.
5
Let t be (-2)/10 - (-42)/10. Let i be (t/(-2) - -10)*2. Let w(r) = 2*r - 20. List the prime factors of w(i).
2, 3
What are the prime factors of (-2)/6 - (26780/(-12))/5?
2, 223
Let o(n) = n**2 + 4*n - 4. Let u be (1 - -2 - -2) + -3. Suppose 3*v = -12, -2*v - v + 2 = -u*p. What are the prime factors of o(p)?
17
Suppose 5*z + 2*l + 520 = 6*z, 0 = -2*z + 3*l + 1039. What are the prime factors of z?
2, 7, 37
Let u = -35 + 969. List the prime factors of u.
2, 467
Suppose 21322 = 11*q - 5881. List the prime factors of q.
2473
Let a = -11 + 14. Suppose -a*i = -5*t + 31, 4*i + 23 = 5*t - 2*t. Suppose s - 4*b - 52 = 0, 89 + 6 = 2*s - t*b. List the prime factors of s.
2, 5
Let n(s) = -s**3 - s**2 - 82. Let q be n(0). Let i = 125 + q. What are the prime factors of i?
43
Let x(v) = 5*v**3 - 14*v**2 + 21*v + 3. List the prime factors of x(6).
3, 5, 47
Suppose 5*u - 5*z - 35 = 0, -3*u = -5*z + 3 - 32. Suppose 0 = u*t + t - 8. What are the prime factors of 1/((t/1)/92)?
2, 23
Suppose 2*g - 22 = 4*k, 4*k + 8 = -8. Let m(j) = 4*j - 5. Let v be m(g). Suppose -290 = -v*n + 2*n. What are the prime factors of n?
2, 29
Suppose 3016 = -16*v + 20*v. What are the prime factors of v?
2, 13, 29
Let g(o) = 3 - 2*o - 1 + 2 + 1. Let q be g(4). List the prime factors of 6*2/q*-5.
2, 5
Let o(p) = -33*p - 42. Let j(u) = -11*u - 14. Let n(k) = -17*j(k) + 6*o(k). Let x = -18 - -12. What are the prime factors of n(x)?
2, 13
Let b be -237 + (3 - -1)*1. Let w = 80 - b. What are the prime factors of w?
313
Let f(h) = -8*h**2 - 6*h - 1. Let v(r) = 7*r**2 + 7*r + 2. Let b(y) = -6*f(y) - 7*v(y). Let x be b(-12). Suppose -41 - 43 = -x*n. List the prime factors of n.
3, 7
Let f(t) = -9*t**2 + 12 + 4*t**3 + 0*t**3 - 3*t**3 - 2*t. List the prime factors of f(10).
2, 23
Let d(s) = -2*s**3 - 4*s**2 - 3*s. Let u(z) = -z**3 - 4*z**2 - 3*z. Let k = 33 - 30. Let h(g) = k*d(g) - 4*u(g). What are the prime factors of h(-2)?
2, 13
Suppose l = 0, -4*u = -2*l + 47 - 883. Let b = u - 136. List the prime factors of b.
73
Let g be (2/6)/(3/(-153)). Let k = 24 + g. What are the prime factors of k?
7
Let d(y) = 2*y**2 + 7*y + 122. List the prime factors of d(-37).
3, 17
Suppose 4*p + 506 = -62. Let k = -87 - p. List the prime factors of k.
5, 11
Suppose o - 4*m - 719 = 0, -3*m + 0*m + 754 = o. List the prime factors of o.
739
Let b be (-3)/2*1424/24. Let q = b - -148. List the prime factors of q.
59
Let r = -692 + 1850. List the prime factors of r.
2, 3, 193
Let q(p) = -p**3 - 19*p**2 - 4*p - 45. Let c be q(-19). Let z be (-6 + 2)*(-2)/4. Let r = c + z. What are the prime factors of r?
3, 11
Let o(j) be the second derivative of j**4/12 + 7*j**3/6 - 3*j**2/2 - 5*j. Let g = 7 + -15. List the prime factors of o(g).
5
Let h(q) = -11*q + 51. What are the prime factors of h(-4)?
5, 19
Suppose -7*k + 6*k + 2 = 0. Suppose -k*w + 6 - 8 = 0. What are the prime factors of 1/((-1)/27*w)?
3
Let j = -63 - -601. What are the prime factors of j?
2, 269
Let x be (-1)/(-5) + (-8)/40. Suppose x = -8*j + 1191 - 399. What are the prime factors of j?
3, 11
Let t(f) be the third derivative of -f**5/60 - f**4/3 + 7*f**3/6 + 3*f**2. Let n be t(-9). List the prime factors of 43/6 - n/(-12).
7
Suppose -80 = -2*k - 2*k. Let t be 1 - 4 - (4 - 1). What are the prime factors of k + -2*t/4?
23
Suppose 3*i - 30 = -9. Let u be i + 69 + 4/1. Let g = -47 + u. List the prime factors of g.
3, 11
Suppose -5*w = 9 - 24, 0 = p + 4*w - 4003. What are the prime factors of p?
13, 307
Suppose 0 = 5*f + 9 + 11, 2*r - 1724 = f. List the prime factors of r.
2, 5, 43
Suppose 4*r + 4 = -a - 9, -4*r = 5*a + 33. Let i(c) = c**3 + 8*c**2 + 10*c + 3. What are the prime factors of i(a)?
2, 7
Suppose -137*l = -145*l + 1352. What are the prime factors of l?
13
Suppose -z = -2*x + 1066, -x - 6*z + 527 = -8*z. List the prime factors of x.
5, 107
Let x(a) be the third derivative of a**5/60 - 3*a**4/8 + 7*a**3/6 - 4*a**2. Let f be x(9). Let c = f - 5. List the prime factors of c.
2
Suppose 0 = -7*m - 90 + 195. What are the prime factors of m?
3, 5
Suppose 5*b - 27 = -17. Suppose 0 = g - 5*l - 109, b*g - l - 65 - 117 = 0. List the prime factors of g.
89
Let g(p) = 18 + 4*p - p - p. Suppose -5*t + 50 = 10. List the prime factors of g(t).
2, 17
Let x be (-8*(-3)/(-6) - -1) + 0. What are the prime factors of (-4818)/(-24) - x/12?
3, 67
Let u(k) = 15*k + 10. Let p be u(17). List the prime factors of (-1)/(p/(-260) - -1).
2, 13
Let b(x) = 173*x - 1. Suppose -q - 14 = 3*d, -4*d = q + 22 - 3. Let a be b(q). What are the prime factors of 4/(0 + 16)*a?
43
Let y = 4372 - 2601. What are the prime factors of y?
7, 11, 23
Let d = -30 - -69. Suppose 2 = q - d. What are the prime factors of q?
41
Suppose -k = 3*o + 19, 3*k - k + 30 = -2*o. Let l(m) = m**2 + 9*m - 7. What are the prime factors of l(k)?
3, 5
What are the prime factors of (-34)/170 + 3*3674/10?
2, 19, 29
Let n(q) = -2*q + 2. Let h be n(3). Let j = h + 6. List the prime factors of j.
2
Let z(w) = w**2 + 8*w + 15. Let s be z(-6). Suppose s*f - 5 - 4 = 0. Suppose -g - f*g + t + 45 = 0, -3*g + 2*t = -40. What are the prime factors of g?
2, 5
Let g = 3981 - 2406. List the prime factors of g.
3, 5, 7
Suppose 0 = -v + c + 1767 + 1678, v = 4*c + 3442. What are the prime factors of v?
2, 1723
Let n = -7 + 4. List the prime factors of ((-18)/n)/2 - -82.
5, 17
Suppose -2*o - 8 - 6 = 0. Let c = -15 - o. List the prime factors of 2/c - (-159)/12.
13
Suppose 0 = -10*i - 8*i + 5076. Let q = i - 154. List the prime factors of q.
2
Suppose -46*y = -71*y + 41225. What are the prime factors of y?
17, 97
What are the prime factors of (58/(-8))/((-7)/560)?
2, 5, 29
Let r(t) = -71*t + 235. What are the prime factors of r(-7)?
2, 3, 61
Let w(d) = 1075*d + 12. List the prime factors of w(4).
2, 7, 11
Suppose 36 = -2*b + 4*o + 8, 0 = -5*o + 15. Let q be ((-11)/(-2))/(b/(-112)). What are the prime factors of 3/(-15) - q/(-35)?
2
Let d(g) = g**3 - 5*g**2 - g - 7. Let o be d(6). Suppose 8*z - 5*z - 72 = 0. Let f = o + z. List the prime factors of f.
47
Let v(q) = -q**3 - 8*q**2 + 2*q - 2. Let m be v(-8). List the prime factors of 264/(-10)*60/m.
2, 11
What are the prime factors of (3/(3 - 0))/(5/1730)?
2, 173
Let c = 75 + 19. Suppose 0 = d + d - c. What are the prime factors of d?
47
Let w(p) = p**2 + 3 + 4*p - 6 + 2 + 2*p. Let k be w(-3). List the prime factors of ((-84)/k + -2)*5.
2
Let x(t) = -29*t - 9. Let k be x(-7). Let i = -32 + k. What are the prime factors of i?
2, 3
Suppose -3*w + 1 = -4*v - 15, -5*v - 23 = -4*w. Let n(u) be the second derivative of u**3/3 - 3*u**2 - u. List the prime factors of n(w).
2, 3
Let z(c) = -3*c - 13. Let q be z(-5). Suppose -q*k = -6, 2*k + 731 = 5*w + 4*k. List the prime factors of w.
5, 29
Let j be 576/(-22) - (-12)/66. Let g = j + 45. List the prime factors of g.
19
Let y be 2/8 - 3762/(-152). Let w be (-1 + 1)*(-1)/2. Suppose w = -q + 2*g + y, q - 4*g + 105 = 4*q. List the prime factors of q.
31
Suppose 9*g - 4*g = 35. Let q(b) = -97*b**2 + 6*b - 10. Let m(y) = -65*y**2 + 4*y - 7. Let h(x) = g*m(x) - 5*q(x). List the prime factors of h(1).
29
Let m be ((-57)/(-38))/((4/(-2))/(-4)). Suppose 0 = m*i - 4*c - 24, -6*i + 4*c = -9*i + 24. List the prime factors of i.
2
Let